e factors of 758175859?
7, 108310837
List the prime factors of 113596147.
7, 16228021
What are the prime factors of 21124283?
3881, 5443
What are the prime factors of 264329728?
2, 13, 151, 263
List the prime factors of 7181690164.
2, 11, 53, 3079627
List the prime factors of 3035788964.
2, 13, 58380557
What are the prime factors of 1651789408?
2, 6421, 8039
What are the prime factors of 313881394?
2, 12239, 12823
List the prime factors of 251615292.
2, 3, 113, 185557
List the prime factors of 178001742.
2, 3, 29666957
List the prime factors of 81396517.
23, 3538979
What are the prime factors of 297151628?
2, 23, 3229909
What are the prime factors of 172130590?
2, 5, 761, 22619
List the prime factors of 81153395.
5, 37, 438667
List the prime factors of 43337844.
2, 3, 11, 9949
List the prime factors of 639382632.
2, 3, 7, 3805849
What are the prime factors of 145158944?
2, 7, 53, 12227
What are the prime factors of 821355009?
3, 19, 41, 351457
What are the prime factors of 91667299?
8053, 11383
List the prime factors of 8571374779.
11, 779215889
What are the prime factors of 2482897985?
5, 496579597
What are the prime factors of 343452252?
2, 3, 11, 13, 233, 859
List the prime factors of 18331867.
577, 31771
List the prime factors of 1076932335.
3, 5, 23, 3121543
What are the prime factors of 248383442?
2, 37, 101, 167, 199
List the prime factors of 32044171.
53, 157, 3851
List the prime factors of 405455839.
19, 21339781
List the prime factors of 54827090.
2, 5, 1223, 4483
List the prime factors of 113441755.
5, 7, 601, 5393
List the prime factors of 20729558.
2, 2969, 3491
List the prime factors of 22758997.
29, 43, 18251
List the prime factors of 105946107.
3, 1021, 34589
What are the prime factors of 47533615?
5, 17, 559219
List the prime factors of 2110141879.
12713, 165983
What are the prime factors of 2024472338?
2, 7, 20657881
List the prime factors of 7908534084.
2, 3, 11, 19, 23, 71, 1931
What are the prime factors of 1515204273?
3, 11, 45915281
List the prime factors of 3017613356.
2, 17, 1489, 29803
What are the prime factors of 77353466?
2, 38676733
List the prime factors of 1077625362.
2, 3, 11, 53, 71, 4339
List the prime factors of 4654461366.
2, 3, 9577081
What are the prime factors of 51142452?
2, 3, 19, 224309
What are the prime factors of 2030505025?
5, 547, 148483
What are the prime factors of 533050401?
3, 13, 2411, 5669
List the prime factors of 402107.
402107
List the prime factors of 12522364.
2, 613, 5107
List the prime factors of 526275141.
3, 7, 3580103
List the prime factors of 6042572869.
19, 1889, 8861
List the prime factors of 269394131.
103, 2615477
What are the prime factors of 238611233?
7, 4869617
List the prime factors of 817416305.
5, 1217, 134333
What are the prime factors of 519503335?
5, 13, 1889, 4231
What are the prime factors of 179498989?
571, 314359
List the prime factors of 1023984786.
2, 3, 11, 15514921
List the prime factors of 17215253.
11, 1565023
What are the prime factors of 519566767?
17, 30562751
List the prime factors of 388586376.
2, 3, 1799011
List the prime factors of 333143063.
11, 23, 479, 2749
List the prime factors of 1239630759.
3, 31, 4443121
List the prime factors of 47625224.
2, 5953153
What are the prime factors of 41338791?
3, 13, 137, 2579
What are the prime factors of 57183985?
5, 11436797
What are the prime factors of 50122737?
3, 7, 113657
List the prime factors of 5800446572.
2, 1450111643
What are the prime factors of 2416303284?
2, 3, 53, 3799219
What are the prime factors of 3725194208?
2, 97, 1063, 1129
List the prime factors of 33603636.
2, 3, 11, 23143
List the prime factors of 1344862786.
2, 587, 1145539
What are the prime factors of 970969436?
2, 14081, 17239
List the prime factors of 244549945.
5, 48909989
What are the prime factors of 2430612418?
2, 13, 7191161
List the prime factors of 28836500.
2, 5, 7, 11, 107
List the prime factors of 3618732434.
2, 101, 17914517
What are the prime factors of 15009856?
2, 234529
List the prime factors of 115523579.
115523579
What are the prime factors of 57620318?
2, 7, 227, 18131
List the prime factors of 216679116.
2, 3, 19, 950347
List the prime factors of 56773094.
2, 7, 4055221
List the prime factors of 244245025.
5, 9769801
What are the prime factors of 3400817657?
19, 178990403
List the prime factors of 2694327906.
2, 3, 83, 139, 38923
List the prime factors of 145026633.
3, 1723, 28057
List the prime factors of 6914660590.
2, 5, 691466059
List the prime factors of 283276935.
3, 5, 6295043
What are the prime factors of 4308999122?
2, 1283, 1679267
What are the prime factors of 982214328?
2, 3, 40925597
What are the prime factors of 270860210?
2, 5, 53, 511057
What are the prime factors of 1014142708?
2, 19, 41, 325463
List the prime factors of 440528478.
2, 3, 13, 5647801
List the prime factors of 9752015.
5, 7, 13, 21433
What are the prime factors of 1018407869?
23, 37, 1196719
List the prime factors of 58570494.
2, 3, 9761749
What are the prime factors of 16931985?
3, 5, 7, 47, 73
List the prime factors of 459157946.
2, 13, 47, 375743
What are the prime factors of 265003495?
5, 1973, 26863
List the prime factors of 15103926.
2, 3, 151, 5557
What are the prime factors of 5132288623?
7, 11, 66653099
List the prime factors of 877053726.
2, 3, 48725207
List the prime factors of 220025722.
2, 7, 67, 127, 1847
What are the prime factors of 103050821?
17, 6061813
List the prime factors of 6129878.
2, 31, 98869
What are the prime factors of 660828342?
2, 3, 110138057
List the prime factors of 59260702.
2, 47, 630433
List the prime factors of 3020185401.
3, 239, 1451, 2903
What are the prime factors of 157401320?
2, 5, 19, 71, 2917
What are the prime factors of 54249139?
7, 47, 181, 911
List the prime factors of 935447817.
3, 311815939
List the prime factors of 1216019830.
2, 5, 10711, 11353
List the prime factors of 348183938.
2, 2437, 71437
List the prime factors of 85458361.
47, 199, 9137
What are the prime factors of 97316743?
47, 2070569
What are the prime factors of 63460740?
2, 3, 5, 7, 61, 2477
What are the prime factors of 1680807059?
14683, 114473
List the prime factors of 411455971.
411455971
What are the prime factors of 160832636?
2, 37, 557, 1951
List the prime factors of 7786152677.
17, 458008981
What are the prime factors of 1400713881?
3, 7, 47, 1419163
What are the prime factors of 43022867?
89, 157, 3079
List the prime factors of 61967546.
2, 30983773
List the prime factors of 449568183.
3, 929, 161309
List the prime factors of 83263450.
2, 5, 17, 23, 4259
What are the prime factors of 127924473?
3, 17, 19, 97, 1361
What are the prime factors of 46964457?
3, 857, 6089
List the prime factors of 1254722772.
2, 3, 23, 317, 14341
What are the prime factors of 64848307?
61, 1063087
What are the prime factors of 1015338062?
2, 5413, 93787
List the prime factors of 50007867.
3, 7, 13, 19, 31, 311
What are the prime factors of 168981389?
9739, 17351
What are the prime factors of 4755599901?
3, 13, 67, 606659
List the prime factors of 3182403986.
2, 4127, 385559
What are the prime factors of 76064862?
2, 3, 12677477
What are the prime factors of 430386506?
2, 11, 29, 181, 3727
What are the prime factors of 6387839529?
3, 313, 631, 10781
List the prime factors of 1928030288.
2, 2063, 58411
List the prime factors of 51796880.
2, 5, 587, 1103
List the prime factors of 91057948.
2, 22764487
List the prime factors of 1684079801.
19, 131, 149, 239
What are the prime factors of 7389436868?
2, 11, 151, 1112197
What are the prime factors of 105858952?
2, 107, 123667
List the prime factors of 248987590.
2, 5, 19, 113, 11597
What are the prime factors of 160603435?
5, 1487, 21601
What are the prime factors of 261778372?
2, 65444593
What are the prime factors of 1228361063?
887, 1384849
What are the prime factors of 15025608?
2, 3, 13, 5351
List the prime factors of 7060543.
7, 29, 34781
What are the prime factors of 3930979612?
2, 7, 140392129
List the prime factors of 28642670.
2, 5, 7, 373, 1097
What are the prime factors of 428453921?
7, 89, 197, 3491
List the prime factors of 1698262.
2, 849131
What are the prime factors of 1382354878?
2, 23, 1427, 21059
List the prime factors of 577923256.
2, 643, 112349
List the p